**3 + 10*r**2 + 30*r + 58. Let y(l) = -8*s(l) + 3*t(l). Give y(-5).
-3
Let k(s) = -s**2 + 5*s + 1. Suppose -10 = -0*u - 2*u. Let j be u*2/2*1. Let y be ((-25)/15)/j*-12. What is k(y)?
5
Let r(y) = -y**3 + 9*y**2 - 8*y + 10. Let j be 8/40 + 2098/10. Let b be ((-177)/(-7))/3 - 90/j. Give r(b).
10
Let r(z) = -z**2 + 2*z + 1. Let p(y) be the third derivative of y**5/12 - 3*y**4/8 - 2*y**3/3 + 17*y**2. Let s(n) = -2*p(n) - 9*r(n). Calculate s(3).
-10
Let r(s) = 2 - 6*s + 2*s**3 - 23*s**3 + 8*s**2 + 20*s**3. Determine r(7).
9
Let w(h) = -106 + 2*h - 94 + 197. Let o be 66/14 - 4/(-14). Determine w(o).
7
Let i(q) = q**3 + 12*q**2 - 14*q - 23. Suppose 5*y = -2*j - 75, 0 = -3*y - 5*j - 81 + 17. Calculate i(y).
-10
Let z(b) = 13*b**2 + 9 + 2*b**2 - 14*b**2 + 6*b. Let n = -5 + -1. What is z(n)?
9
Let a(b) = -3 + 3 + 2*b**2 - 5*b. Suppose 1930 = -10*h + 1970. Give a(h).
12
Let a(t) be the third derivative of -t**6/120 - t**5/20 + t**4/12 - t**3/3 + 7*t**2. Let g = -79 + 75. Give a(g).
6
Let q be (4 + 228)*(-14)/(-4). Let m be (q/36)/7 - (-2)/(-9). Let y(g) = g + 2 + g - 3*g**2 + g**2. Give y(m).
-10
Let x(s) be the third derivative of s**6/120 + 2*s**5/15 + 7*s**4/24 + 7*s**3/6 - 22*s**2 + 8. What is x(-8)?
-49
Let t = -307 - -304. Let n(z) = -z - 5. Determine n(t).
-2
Suppose -117*h = -440 - 28. Let k(p) = -p**3 + 4*p**2 + p - 3. Determine k(h).
1
Let h(f) = 5*f + f + 1 - 5*f + 0. Let v(b) = 3*b + 14. Let z(u) = 2*h(u) - v(u). Suppose -2*g + 4*g = 0. Determine z(g).
-12
Let w be (4/(16/(-4)) - -3)*6. Let k(j) = -j - 1 + 3 + 6 + 7. Determine k(w).
3
Let j(o) = -o**3 - 8*o**2 - 8*o - 1. Let g be 4/((-1)/8*-4) + -4. Suppose 2*z + 34 = -g*i, 2*z - 3*z + 4*i = -13. Determine j(z).
6
Let d(q) = q**3 - 5*q**2 - 2*q + 11. Suppose -23*a = -31*a + 40. Calculate d(a).
1
Let w(s) = -4 - 2*s - 5 + 3*s - 1. Give w(8).
-2
Let y(x) = -3727*x**3 + 2 - 10*x**2 + 3728*x**3 + 7*x - 2. Determine y(9).
-18
Let n(r) = -7*r - 3. Let k be n(-1). Let s be (4/(-10))/((-4)/(-20)). Let o be -2 + s + k - -6. Let z(h) = -h + 11. Give z(o).
5
Let k(q) be the third derivative of q**5/60 - 5*q**4/24 - 7*q**3/6 - 147*q**2. Calculate k(5).
-7
Let a(u) be the second derivative of u**4/6 + 11*u**3/6 - u**2 + u - 777. Determine a(-7).
19
Let r = 74/21 - 67/21. Let k(p) be the third derivative of 0*p - 4*p**2 + 1/24*p**4 - 1/120*p**6 - r*p**3 - 1/60*p**5 + 0. Determine k(0).
-2
Let f be -5*(1 - 3/(-5)). Let b = -6 - f. Suppose -1 = -b*j + 5. Let a(y) = -y**3 + 2*y**2 + 4*y + 1. Give a(j).
4
Let f(h) = 7*h**2 - 24*h + 11. Let y(x) = 3*x**2 - 11*x + 4. Let n(i) = 2*f(i) - 5*y(i). Determine n(5).
12
Let a be (6 + 0)*(-4)/(-8). Suppose 3*m = -a - 3. Let n(x) be the third derivative of x**4/12 - x**3/6 - x**2 + 5*x. Calculate n(m).
-5
Suppose -2*v + 8 = -t, 5*v - 31 = 3*t - 6*t. Let d(p) be the second derivative of p**4/12 - p**3/2 - p**2 + 6*p. Calculate d(t).
-4
Suppose -134 = 10*k - 164. Let t(b) = 4*b**2 + 16*b - 4. Let m(v) = 2*v**2 - 8*v + 19*v - 3 + v**2. Let h(w) = -7*m(w) + 5*t(w). What is h(k)?
1
Let i(n) = -n**2 + 22*n - 39. Let d be i(20). Let z be 3 - -1*(d - (0 - -3)). Let w(v) = -11*v**3 + 2*v**2 - 2*v + 1. Calculate w(z).
-10
Suppose 0 = d - 19 + 7. Suppose d = -3*k - 2*i, 0*k + 12 = -4*k - 4*i. Let h be (16/k)/((-2)/3). Let z(r) = r**2 - 7*r + 6. Determine z(h).
-6
Let h(a) = 2*a**3 - 3*a**3 - 17*a - 1783 + 19*a**2 + 1767. What is h(18)?
2
Let f(w) = -8*w**3 + 5*w**3 + w**3 + 6*w + 6 + 3*w**3 + 7*w**2. Give f(-4).
30
Let o(i) = -7*i**2 + 6*i + 11. Let v(f) = -3*f**2 + 3*f + 5. Let d(s) = 6*o(s) - 13*v(s). Suppose 7*x = -35 + 14. Calculate d(x).
-17
Let g(n) = 9*n**3 - 2*n**2 - 2*n - 3. Let o(j) = -j**3 + j**2 + 1. Let h(v) = -g(v) - 4*o(v). Determine h(1).
-6
Let a(g) = 5*g**2 - 22*g + 8. Let w(u) = 4*u**2 - 19*u + 7. Let j(m) = -5*a(m) + 6*w(m). Determine j(-5).
-3
Let d(v) = 14*v**2 - v**3 + 1 + 857*v - 5*v**2 - 847*v. Let x(c) = 10*c. Let y be x(1). Let t be d(y). Let z(u) = -12*u**3 + 2*u**2 - u. Calculate z(t).
-11
Let g(w) = w**3 - w**2 + 7. Let n = 39 - 38. Let i be 38/12 - 3 - n/6. Give g(i).
7
Let x(h) = -2*h - 5*h + 5*h. Let b = -480 - -476. Give x(b).
8
Let d(n) = n**3 + 6*n**2 - 6*n - 6. Let c be -12*(5 + -8)/(-6). What is d(c)?
30
Suppose 2*d - 5 = 3*q + 13, 2*d + q = 34. Let g(a) = -a**3 + 15*a**2 - a + 8. Let t be g(d). Let l = t - -13. Let u(y) = y**3 - 6*y**2 + 5. Give u(l).
5
Let j(d) be the first derivative of -d**3/3 + 7*d**2/2 + 4*d - 2. Suppose -25 = -9*q + 128. Suppose -q*v + 22*v - 35 = 0. Determine j(v).
4
Let m(h) = 7*h**2 - 3*h + 14. Let o(r) = -11*r**2 + 3*r - 22. Let n(w) = -8*m(w) - 5*o(w). Calculate n(9).
-2
Let w = 586 - 581. Let i(n) = -n**3 + 7*n**2 - 4*n + 2. What is i(w)?
32
Let l(b) = -39*b**3 - b**2 - b + 1. Let z be l(1). Let c = z - -40. Let o(a) = a**3 + a - 5. Calculate o(c).
-5
Let l(s) be the first derivative of -2*s**2 + 4*s - 132. Calculate l(-7).
32
Let b(l) = 3*l**2 - 8*l. Let s(h) = -4*h**2 + 12*h. Let y(o) = -7*b(o) - 5*s(o). Determine y(-4).
0
Let u(j) = -j**2 + 3*j - 2. Let i(x) = -6*x**2 + 16*x - 10. Let f(z) = -2*i(z) + 11*u(z). Determine f(-2).
0
Let s = -21 + 31. Suppose 2*k = -s + 14. Let u(b) = b - 1. What is u(k)?
1
Let n(h) = -4*h + 4. Let b(t) be the first derivative of t**4/4 - 5*t**3/3 - 2*t**2 - 6*t + 15. Let g be b(6). Calculate n(g).
-20
Let v(l) = l**2 - 4*l - 6. Let h(n) = -n - 1. Let u be (1 - 4) + 4 + (0 - 0). Let f(r) = u*v(r) + 4*h(r). Give f(7).
-17
Let d be (-3)/(-2) - 13/2 - -3. Let g(q) = -3*q**2 - 8*q - 3. Let s(k) = -k. Let w(h) = -2*h - 6. Let p be w(-5). Let m(o) = p*s(o) - g(o). What is m(d)?
7
Let j = -6 - -10. Let x(o) = 1. Let t(h) = h. Let a(l) = -t(l) + x(l). Let f(c) = -5*c + 3. Let q(i) = -2*a(i) + f(i). What is q(j)?
-11
Let b(g) be the first derivative of -2*g**2 + 10 + 5*g + 1/4*g**4 - g**3. Give b(4).
5
Let j(i) be the third derivative of -i**4/24 - 7*i**3/3 + 2*i**2. Let f be ((-6)/15 + -2)/((-40)/(-100)). Give j(f).
-8
Let p(o) be the first derivative of 7/2*o**2 - 6*o - 16 + 3*o**3 + 1/4*o**4. Calculate p(-8).
2
Let h(j) = -101*j - 2 + 100*j + 4 - 3. Give h(3).
-4
Let l(g) be the second derivative of -17*g**3/6 - 2*g**2 - 306*g. What is l(-3)?
47
Suppose 0 = -4*y - 2*v - 24, 5*y - 2*v = 5 - 44. Let b = -1 - y. Let q be 3*(0 + 2/b). Let p(i) = 3*i**2 - 1. What is p(q)?
2
Let y = 20 - 14. Let d(x) = y*x**2 - 439*x + 2*x**3 + 438*x - 1 - x**3. What is d(-6)?
5
Suppose -5*y + 50 = -4*i - i, -3*i = -5*y + 38. Let n(f) = -4*f**2 - 20*f + 147. Let t(p) = p**2 + 5*p - 34. Let w(j) = -3*n(j) - 13*t(j). Give w(i).
-5
Let h(q) = -8*q**3 - 6*q**2 - 7*q. Let b(u) = -u**3 - u**2 - u. Let s(l) = 5*b(l) - h(l). What is s(-2)?
-24
Suppose -12*l - t - 32 = -14*l, 5*l - 86 = 4*t. Let c(q) = q**2 - 18*q + 52. What is c(l)?
-4
Let y(r) = -2*r - 1. Let m(l) = -4*l + 6 - 6 - 6. Let j(h) = m(h) - 5*y(h). Give j(-2).
-13
Let d(j) = j**3 + 11*j**2 + 2. Let h be d(-11). Suppose -3*w + 5 = h*w. Let m(l) = -w - 3 + 8*l - 1 - l**3 + 0*l**2 + 5*l**2. Determine m(6).
7
Let z(p) = p**2 + 7*p - 2. Let q be z(-8). Let g(r) = 13 - q - 5*r + 4*r. What is g(3)?
4
Let h(m) = m**2 - m - 1. Let q(r) = -10*r**2 + 4*r + 1. Let c(f) = 2*h(f) + q(f). Suppose 62*x = 54*x + 8. Give c(x).
-7
Suppose -10 = 8*i + 2*i. Let q(n) = -9*n**2 - 3*n - 1. Let x(m) = 17*m**2 + 7*m + 2. Let g(f) = -5*q(f) - 2*x(f). Give g(i).
11
Let b(h) = -h**2 - 6*h + 2. Let n(s) = -2*s**2 - 7*s + 2. Suppose -12 = q - 4*q. Let p(r) = -2*r - 5. Let x be p(0). Let j(v) = q*n(v) + x*b(v). Determine j(2).
-10
Let d(l) be the second derivative of 3*l**5/10 - l**4/6 - l**3/3 - l**2/2 + 2*l + 114. Determine d(-1).
-7
Suppose -7 = -4*v + 5. Suppose v*n = 8*n. Let l(o) = -o - 2. Calculate l(n).
-2
Let k(p) be the first derivative of p**3/3 - 5*p**2/2 + 6*p - 273. Determine k(6).
12
Let r be (-6 + 7)*(-1 + 3). Let k(c) be the third derivative of c**4/12 - 2*c**2. Give k(r).
4
Let k(a) = 23*a**3 + 4*a**2 - 4*a + 3. Let g(w) = 45*w**3 + 9*w**2 - 9*w + 7. Let r(x) = -2*g(x) + 5*k(x). Calculate r(1).
26
Let h(l) = 2*l**3 - 3*l**2 + 1. Let q(v) = 3*v + 32. Let b be q(-10). Give h(b).
5
Let n(j) = -2*j + 6. Suppose 4*o - 10 = -o. Suppose -l + 6 = -o. Suppose -3*v + v = -l. Give n(v).
-2
Let m(l) = l + 5. Let w be 1*(-3 - 1 - 0). Let x be w/6 - 204/(-9). Suppose -2*g = 3*v +